e 32*w - 1716 = -12*w. Calculate the remainder when w is divided by b.
19
Let a = -35266 + 36183. Calculate the remainder when 1867 is divided by a.
33
Let z = -331 - -334. Calculate the remainder when z*((-1855)/(-21))/5 is divided by 8.
5
Suppose -222 = -2*n - 4*r - 104, 3*n - 219 = r. What is the remainder when 5392 is divided by n?
67
Suppose 4*u + 4 = -4*p, -5*p - 11 = -0*p + 2*u. Calculate the remainder when ((-58)/(-6) - 1)*3 is divided by 14 + -1 + p/3 + 4.
10
Let v = -12509 + 12541. Calculate the remainder when 828 is divided by v.
28
Let g(i) = -13*i + 14. Let f be g(-7). Suppose 0*l = 7*l + f. Calculate the remainder when l/(105/(-2)) + 495/7 is divided by 18.
17
Suppose 4*n + 11 = -9. Let h(m) = -11*m - 7. Let z be h(n). Let q = z + -39. Calculate the remainder when q is divided by 5.
4
Let m = 43 + 11. Suppose 156 = 5*u + 4*w, -8 = 5*u - 5*w - 128. What is the remainder when m is divided by (((-7)/2)/(-1))/(7/u)?
12
Let s(g) = 59*g**3 - g**2 + g - 1. Let v be s(1). Suppose -v = -2*c + 10. Calculate the remainder when 305 is divided by c.
33
Let b(g) = 25*g**3 - 3*g**2 + g + 2. Let x(j) = j**3 + 14*j**2 + 22*j - 23. Let v be x(-12). What is the remainder when b(v) is divided by 9?
7
Let s be (-1 - 1)/(29/(-116)). Suppose 0 = -5*k - h + 32, 2*k - 2*h - s = -0*h. Suppose k*q - 3*q = 294. What is the remainder when q is divided by 34?
30
Suppose -4*j = 2*i + 2*i - 76, 0 = 4*i - 3*j - 111. Suppose -15*l + 7 = 202. Let d = l - -27. What is the remainder when i is divided by d?
10
Let p be (-3)/10 - 530/(-100). Suppose k - 6*q = -p*q + 61, -3*q = 2*k - 102. What is the remainder when 337 is divided by k?
52
Suppose x = 2*l + 16, -3*l = x + 2*x - 21. Let r = 334 + -227. What is the remainder when r is divided by x?
7
Let y = -10462 + 10481. Calculate the remainder when 1310 is divided by y.
18
Let k = 60 - 58. Suppose k*c = -5*p + 70, 5*c = -3*p - 2*p + 85. Calculate the remainder when p is divided by 7.
5
Let r be 12/(-9) + 3/9 - 113. Let l be (-6*2/(-4))/((-2)/r). What is the remainder when ((-10)/(-3) + -3)/(3/l) is divided by 5?
4
What is the remainder when 1243 is divided by (-582)/(-15) + 10/550*11?
34
Let y(h) = -h**3 + 7*h**2 + h - 3. Let v be 6/(-10) + (-63)/(-5). Suppose -v*l = -8*l - 60. Calculate the remainder when y(6) is divided by l.
9
Suppose -20*d + 4553 = 2993. Calculate the remainder when d is divided by 6.
0
Let u be 2*-2 + (6 - 2). Let v be (-38 + -157)*(2/(-6) - u). Let t = v + -53. What is the remainder when 93 is divided by t?
9
Let u(f) = 165*f**2 + 9*f + 5. Let y be u(-2). Let j = 657 - y. What is the remainder when 29 is divided by j?
9
Let r be 2/7 + (-201)/(-7) + -2. Let m = r + 40. What is the remainder when 199 is divided by m?
65
Let p = -35 + 59. Let v(q) be the second derivative of 3*q**4/4 - q**3/6 - 5*q. Calculate the remainder when p is divided by v(-1).
4
Let r = 11259 - 11024. Calculate the remainder when r is divided by 29.
3
Let h(d) = -3*d - 24. Suppose 0 = -2*l + 6*l + 52. Let w = -40 + 82. Calculate the remainder when w is divided by h(l).
12
Let d be (0 + 9/(-6))/((-3)/54). Suppose 15 = 3*p - 2*p - 3*j, -3*j - d = -3*p. What is the remainder when 19 is divided by (-2)/p + (-372)/(-36)?
9
Let f(a) = -9*a + 21. Let r be f(2). Let k = 17 + -15. Calculate the remainder when k is divided by (-9)/(27/(-6)) - r - -3.
0
Suppose 280 - 1045 = -5*q. Let p be (-4)/(32/(-456)) - 5. Suppose 41 = 3*o - p. Calculate the remainder when q is divided by o.
29
Suppose w = -2*w. Let o be ((-10)/5)/(54/(-135)). Suppose w = -s - 1, -s = -5*b - o*s + 11. What is the remainder when 15 is divided by b?
0
Let x = -4 - -25. Let u(b) = 17*b**2 + 99*b + 16. What is the remainder when u(-6) is divided by x?
13
Let l be 10/(-4)*9/(-30)*12. Suppose 4*s - l*y + 4*y = 1417, 0 = -2*s + 3*y + 711. What is the remainder when s is divided by 50?
48
Suppose 44 = -33*i + 143. Calculate the remainder when 86 is divided by -12 + 48 - 18/i.
26
Let m(z) = z + 4. Let q be m(-6). Let u = -7028 + 7045. Calculate the remainder when u is divided by (0 - 5/q)*2.
2
Let b = 186 + 130. Let x = b + -287. Calculate the remainder when x is divided by -3*(1 + (-7)/3).
1
Let t = -1 - -3. Let m(l) be the first derivative of 34*l**3/3 + 3*l**2/2 + 81. Calculate the remainder when m(t) is divided by 16.
14
Suppose 0*f + f - 2*z + 75 = 0, -3*f = 2*z + 241. Let y = f + 83. Let l = y + 43. What is the remainder when 92 is divided by l?
45
Suppose 3*n + 517 = 4*b + 203, -b + 5 = 0. Let d = n - -190. What is the remainder when 355 is divided by d?
79
Calculate the remainder when 51/(-68)*(16*15)/(-1) is divided by 37.
32
Suppose -6*g - 36 = 6*g. Let h be 0*(g/(-14) - 4/(-14)). Suppose -n + 4 = 0, -4*n + h*n = -u - 7. What is the remainder when 13 is divided by u?
4
Let m = 12835 - 12790. What is the remainder when 673 is divided by m?
43
Calculate the remainder when (-4)/16 + (-2273)/(-4) is divided by (2736/(-180))/((-4)/5).
17
Suppose 0 = 2*x - 5*g - 2 - 20, -3*g = 5*x + 7. Let k(p) = 16*p**2 - 33*p - 72. What is the remainder when k(-2) is divided by (-105)/(-9) - x/(-3)?
10
Suppose 15*s - 6 = -2*z + 11*s, 2*s = -4*z + 18. Suppose 2*k = 2*x + 60, z*k - 110 = x - 6*x. Calculate the remainder when k is divided by 14.
12
Suppose -55 = b + 2*q - 259, 3*q + 1394 = 7*b. Calculate the remainder when b is divided by 2 + 4*35/2.
56
Let y be (-922)/12 + 2 + (-13)/6. Let j = y + 106. What is the remainder when (-22)/(0 - (-4)/(-10)) is divided by j?
26
Suppose k + 54 = 4*m, 4*k = -2*m + 13 + 5. Let z = 9867 - 9817. Calculate the remainder when z is divided by m.
11
Let c(v) = -54*v - 2531. What is the remainder when 43 is divided by c(-47)?
1
Let f(j) = 3*j - 17. Let a(s) = s**2 - 11*s + 14. Let w be a(10). Suppose -13 + 41 = w*q. What is the remainder when 13 is divided by f(q)?
1
Suppose 32 = 4*n, 2*s - 3*n + 4 = 170. What is the remainder when 851 is divided by s?
91
Suppose -8*k = 2*x - 5*k - 2333, -3*x - 2*k = -3487. What is the remainder when x is divided by 382?
13
Suppose -3*c - 5*v = 185, 2*v - 201 = 3*c - v. Let w = -60 - c. Suppose -2*k - o = -0*k - 66, w*o = -10. Calculate the remainder when k is divided by 6.
4
Let r = -1742 + 1654. Suppose 33 = w - 70. Let v = w + r. Calculate the remainder when v is divided by 4.
3
What is the remainder when 1811 is divided by 74*((-435)/(-30) - 14)?
35
Let m(r) = 10*r - 8*r + 0 - 2 - 2. Suppose -5*b + 8 = -3*b. Calculate the remainder when 12 is divided by m(b).
0
Let f(r) = -5*r**3 - 2*r**2 - 6*r - 1. What is the remainder when f(-3) is divided by 124?
10
Let b = 32 - 35. Let w be 7*1/b*-6. Let m = w + 1. Calculate the remainder when 59 is divided by m.
14
Suppose 5*w + 14070 = 28005. Calculate the remainder when w is divided by 93.
90
Let m be 40/70 + 6810/14. Let u = m - 484. Calculate the remainder when 13 is divided by u.
1
Suppose -6*q + 108 = 16*q - 5128. Calculate the remainder when q is divided by 61.
55
Let q(w) be the first derivative of -w**4/2 - 7*w**3/3 - 9*w**2/2 + 27. Let m be q(-4). Let u = m + -32. What is the remainder when 97 is divided by u?
17
Let z(a) = 163*a**2 - 10*a + 6. Let g(p) = -p**2 - p + 1. Let k(l) = -3*g(l) + z(l). What is the remainder when k(1) is divided by 55?
52
Suppose 9 = 2*z + 3*h - 29, -5*h + 33 = z. Let l be (-464)/(-26) + 12/78. Suppose l*j - 20*j = -14. What is the remainder when z is divided by j?
6
Let f be (110/4)/(-11 + (-495)/(-44)). Suppose -4*r = -5*k - 3*r + 155, -2*r = 4*k - f. What is the remainder when 110 is divided by k?
20
Let h(v) = 24*v**2 - 102*v + 100. What is the remainder when 474 is divided by h(1)?
12
Suppose 4*m = m + 6. Suppose 0 = m*c, -3*k - 4*c = -c - 12. Suppose 0 = 9*g - k*g - 115. What is the remainder when 90 is divided by g?
21
Suppose 3*g + 23 = -5*f, g + 4*f + 5 = -12. Let h = g + 21. Suppose -14*o = -72 - 726. What is the remainder when o is divided by h?
17
Let f = 28475 + -17903. What is the remainder when f is divided by 225?
222
Let a(g) = 73*g**2 + 8*g - 29. Calculate the remainder when 1213 is divided by a(-3).
5
Suppose -41*z + 22584 = 4790. Calculate the remainder when 19 is divided by 6/(-14) - (-4 - z/98).
3
Let x = 64 + -64. Suppose 2*t + t = 2*j + 7, x = -j - 3*t + 10. Let y = j + 40. Calculate the remainder when 122 is di